ist the prime factors of 945.
3, 5, 7
List the prime factors of 2672.
2, 167
List the prime factors of 3385.
5, 677
List the prime factors of 5460.
2, 3, 5, 7, 13
List the prime factors of 12726.
2, 3, 7, 101
What are the prime factors of 33343?
33343
What are the prime factors of 2605?
5, 521
What are the prime factors of 44429?
7, 11, 577
List the prime factors of 2892.
2, 3, 241
What are the prime factors of 46853?
46853
List the prime factors of 5708.
2, 1427
List the prime factors of 1175.
5, 47
What are the prime factors of 50143?
41, 1223
List the prime factors of 4951.
4951
List the prime factors of 851.
23, 37
List the prime factors of 52632.
2, 3, 17, 43
What are the prime factors of 2256?
2, 3, 47
List the prime factors of 10502.
2, 59, 89
What are the prime factors of 2352?
2, 3, 7
List the prime factors of 18156.
2, 3, 17, 89
List the prime factors of 3043.
17, 179
What are the prime factors of 2668?
2, 23, 29
What are the prime factors of 23?
23
What are the prime factors of 10456?
2, 1307
List the prime factors of 23251.
23251
List the prime factors of 67716.
2, 3, 11, 19
What are the prime factors of 13801?
37, 373
List the prime factors of 2720.
2, 5, 17
What are the prime factors of 40179?
3, 59, 227
What are the prime factors of 8101?
8101
List the prime factors of 4488.
2, 3, 11, 17
List the prime factors of 5265.
3, 5, 13
What are the prime factors of 476?
2, 7, 17
List the prime factors of 4179.
3, 7, 199
List the prime factors of 27003.
3, 9001
What are the prime factors of 663?
3, 13, 17
What are the prime factors of 16112?
2, 19, 53
List the prime factors of 22340.
2, 5, 1117
List the prime factors of 4073.
4073
What are the prime factors of 49712?
2, 13, 239
List the prime factors of 3098.
2, 1549
What are the prime factors of 29420?
2, 5, 1471
What are the prime factors of 46921?
7, 6703
What are the prime factors of 2376?
2, 3, 11
List the prime factors of 978.
2, 3, 163
What are the prime factors of 964?
2, 241
What are the prime factors of 26703?
3, 23, 43
What are the prime factors of 785?
5, 157
List the prime factors of 4124.
2, 1031
List the prime factors of 949.
13, 73
What are the prime factors of 104031?
3, 3853
List the prime factors of 2360.
2, 5, 59
What are the prime factors of 27096?
2, 3, 1129
List the prime factors of 1075.
5, 43
What are the prime factors of 1202?
2, 601
List the prime factors of 193.
193
What are the prime factors of 438?
2, 3, 73
What are the prime factors of 5315?
5, 1063
List the prime factors of 66518.
2, 79, 421
What are the prime factors of 28814?
2, 14407
What are the prime factors of 29101?
29101
What are the prime factors of 25190?
2, 5, 11, 229
List the prime factors of 3377.
11, 307
List the prime factors of 28669.
28669
What are the prime factors of 99046?
2, 49523
List the prime factors of 272.
2, 17
List the prime factors of 777.
3, 7, 37
What are the prime factors of 3139?
43, 73
List the prime factors of 2050.
2, 5, 41
What are the prime factors of 2540?
2, 5, 127
What are the prime factors of 1156?
2, 17
What are the prime factors of 2128?
2, 7, 19
List the prime factors of 449.
449
List the prime factors of 6351.
3, 29, 73
What are the prime factors of 1354?
2, 677
List the prime factors of 807.
3, 269
What are the prime factors of 30956?
2, 71, 109
List the prime factors of 22753.
61, 373
List the prime factors of 256.
2
What are the prime factors of 28801?
83, 347
What are the prime factors of 17104?
2, 1069
List the prime factors of 7821.
3, 11, 79
What are the prime factors of 11054?
2, 5527
List the prime factors of 1425.
3, 5, 19
What are the prime factors of 2532?
2, 3, 211
What are the prime factors of 152040?
2, 3, 5, 7, 181
List the prime factors of 64040.
2, 5, 1601
What are the prime factors of 24505?
5, 13, 29
What are the prime factors of 6065?
5, 1213
What are the prime factors of 14260?
2, 5, 23, 31
What are the prime factors of 7483?
7, 1069
List the prime factors of 20684.
2, 5171
What are the prime factors of 81244?
2, 19, 1069
What are the prime factors of 655?
5, 131
List the prime factors of 186.
2, 3, 31
What are the prime factors of 2293?
2293
List the prime factors of 41597.
41597
List the prime factors of 98.
2, 7
List the prime factors of 93114.
2, 3, 7, 739
What are the prime factors of 1268?
2, 317
What are the prime factors of 15000?
2, 3, 5
List the prime factors of 1941.
3, 647
What are the prime factors of 151283?
11, 17, 809
What are the prime factors of 76026?
2, 3, 12671
List the prime factors of 68.
2, 17
What are the prime factors of 46772?
2, 11, 1063
What are the prime factors of 40464?
2, 3, 281
What are the prime factors of 69481?
69481
List the prime factors of 1232.
2, 7, 11
What are the prime factors of 352?
2, 11
List the prime factors of 17127.
3, 11, 173
List the prime factors of 32182.
2, 16091
List the prime factors of 6967.
6967
List the prime factors of 73946.
2, 36973
What are the prime factors of 22848?
2, 3, 7, 17
List the prime factors of 14711.
47, 313
List the prime factors of 28098.
2, 3, 7, 223
What are the prime factors of 1263?
3, 421
What are the prime factors of 25713?
3, 2857
What are the prime factors of 45080?
2, 5, 7, 23
List the prime factors of 5669.
5669
List the prime factors of 338.
2, 13
List the prime factors of 13733.
31, 443
List the prime factors of 7011.
3, 19, 41
What are the prime factors of 875?
5, 7
List the prime factors of 4394.
2, 13
List the prime factors of 1464.
2, 3, 61
What are the prime factors of 689?
13, 53
What are the prime factors of 15610?
2, 5, 7, 223
List the prime factors of 66859.
13, 37, 139
What are the prime factors of 3274?
2, 1637
List the prime factors of 60347.
7, 37, 233
List the prime factors of 12679.
31, 409
List the prime factors of 1544.
2, 193
List the prime factors of 6838.
2, 13, 263
What are the prime factors of 145872?
2, 3, 1013
List the prime factors of 73357.
109, 673
What are the prime factors of 24304?
2, 7, 31
List the prime factors of 71231.
19, 23, 163
What are the prime factors of 690?
2, 3, 5, 23
What are the prime factors of 2450?
2, 5, 7
What are the prime factors of 32791?
11, 271
What are the prime factors of 2098?
2, 1049
List the prime factors of 1197.
3, 7, 19
What are the prime factors of 14558?
2, 29, 251
What are the prime factors of 4798?
2, 2399
What are the prime factors of 20804?
2, 7, 743
What are the prime factors of 85070?
2, 5, 47, 181
List the prime factors of 20291.
103, 197
List the prime factors of 39994.
2, 19997
List the prime factors of 8174.
2, 61, 67
What are the prime factors of 7773?
3, 2591
What are the prime factors of 2665?
5, 13, 41
What are the prime factors of 13850?
2, 5, 277
What are the prime factors of 16545?
3, 5, 1103
What are the prime factors of 25439?
25439
What are the prime factors of 11801?
11801
List the prime factors of 8556.
2, 3, 23, 31
List the prime factors of 66538.
2, 17, 19, 103
List the prime factors of 93009.
3, 7, 43, 103
What are the prime factors of 3592?
2, 449
What are the prime factors of 8669?
8669
List the prime factors of 923.
13, 71
What are the prime factors of 955?
5, 191
What are the prime factors of 26600?
2, 5, 7, 19
What are the prime factors of 24136?
2, 7, 431
List the prime factors of 16698.
2, 3, 11, 23
What are the prime factors of 62144?
2, 971
What are the prime factors of 1096?
2, 137
List the prime factors of 2826.
2, 3, 157
List the prime factors of 799.
17, 47
What are the prime factors of 2606?
2, 1303
List the prime factors of 1054.
2, 17, 31
List the prime factors of 1478.
2, 739
List the prime factors of 144411.
3, 37, 1301
What are the prime factors of 618?
2, 3, 103
List the prime factors of 82216.
2, 43, 239
What are the prime factors of 3062?
2, 1531
What are the prime factors of 167323?
13, 61, 211
What are the prime factors of 3060?
2, 3, 5, 17
What are the prime factors of 1088?
2, 17
What are the prime factors of 4364?
2, 1091
What are the prime factors of 17546?
2, 31, 283
What are the prime factors of 4402?
2, 31, 71
List the prime factors of 493.
17, 29
What are the prime factors of 7621?
7621
List the prime factors of 2933.
7, 419
What are the prime factors of 27358?
2, 13679
What are the prime factors of 1233?
3, 137
What are the p